{"id":696,"date":"2023-03-02T21:10:19","date_gmt":"2023-03-02T18:10:19","guid":{"rendered":"https:\/\/www.growia.com.tr\/?page_id=696"},"modified":"2023-03-02T21:21:53","modified_gmt":"2023-03-02T18:21:53","slug":"insan-kaynaklari","status":"publish","type":"page","link":"https:\/\/www.growia.com.tr\/index.php\/insan-kaynaklari\/","title":{"rendered":"\u0130nsan Kaynaklar\u0131"},"content":{"rendered":"<p>\u00d6zge\u00e7mi\u015finizi &#8221; info@growia.com.tr &#8221; e-mail adresine g\u00f6nderebilirsiniz.<br \/>\nYa da A\u015fa\u011f\u0131daki Formu Doldurup G\u00f6nderebilirsiniz.<\/p>\n<div class=\"wpforms-container wpforms-container-full\" id=\"wpforms-691\"><form id=\"wpforms-form-691\" class=\"wpforms-validate wpforms-form wpforms-ajax-form\" data-formid=\"691\" method=\"post\" enctype=\"multipart\/form-data\" action=\"\/index.php\/wp-json\/wp\/v2\/pages\/696\" data-token=\"365cbb7bd0cd533cd7c63c922729612c\"><noscript class=\"wpforms-error-noscript\">Bu formu bitirebilmek i\u00e7in taray\u0131c\u0131n\u0131zda JavaScript&#039;i etkinle\u015ftirin.<\/noscript><div class=\"wpforms-field-container\"><div id=\"wpforms-691-field_16-container\" class=\"wpforms-field wpforms-field-select wpforms-field-select-style-classic\" data-field-id=\"16\"><label class=\"wpforms-field-label\" for=\"wpforms-691-field_16\">Ba\u015fvuru Yapmak \u0130stedi\u011finiz Pozisyon <span class=\"wpforms-required-label\">*<\/span><\/label><select id=\"wpforms-691-field_16\" class=\"wpforms-field-medium wpforms-field-required\" name=\"wpforms[fields][16]\" required=\"required\"><option value=\"Sat\u0131\u015f &amp; Pazarlama\" >Sat\u0131\u015f &amp; Pazarlama<\/option><option value=\"Teknik Personel\" >Teknik Personel<\/option><option value=\"Muhasebe\" >Muhasebe<\/option><option value=\"\u00dcretim Personeli\" >\u00dcretim Personeli<\/option><option value=\"Sevkiyat Personeli\" >Sevkiyat Personeli<\/option><\/select><\/div><div id=\"wpforms-691-field_4-container\" class=\"wpforms-field wpforms-field-name\" data-field-id=\"4\"><label class=\"wpforms-field-label\" for=\"wpforms-691-field_4\">Ad\u0131n\u0131z - Soyad\u0131n\u0131z  <span class=\"wpforms-required-label\">*<\/span><\/label><div class=\"wpforms-field-row wpforms-field-medium\"><div class=\"wpforms-field-row-block wpforms-first wpforms-one-half\"><input type=\"text\" id=\"wpforms-691-field_4\" class=\"wpforms-field-name-first wpforms-field-required\" name=\"wpforms[fields][4][first]\" required><label for=\"wpforms-691-field_4\" class=\"wpforms-field-sublabel after \">Ad<\/label><\/div><div class=\"wpforms-field-row-block wpforms-one-half\"><input type=\"text\" id=\"wpforms-691-field_4-last\" class=\"wpforms-field-name-last wpforms-field-required\" name=\"wpforms[fields][4][last]\" required><label for=\"wpforms-691-field_4-last\" class=\"wpforms-field-sublabel after \">Soyad<\/label><\/div><\/div><\/div><div id=\"wpforms-691-field_6-container\" class=\"wpforms-field wpforms-field-text\" data-field-id=\"6\"><label class=\"wpforms-field-label\" for=\"wpforms-691-field_6\">Do\u011fum Yeri \/ Do\u011fum Tarihi<\/label><input type=\"text\" id=\"wpforms-691-field_6\" class=\"wpforms-field-medium\" name=\"wpforms[fields][6]\" ><div class=\"wpforms-field-description\">\u00d6RN :  ANTALYA  \/ 09.10.1992<\/div><\/div><div id=\"wpforms-691-field_7-container\" class=\"wpforms-field wpforms-field-radio\" data-field-id=\"7\"><label class=\"wpforms-field-label\" for=\"wpforms-691-field_7\">Cinsiyetiniz : <\/label><ul id=\"wpforms-691-field_7\"><li class=\"choice-1 depth-1\"><input type=\"radio\" id=\"wpforms-691-field_7_1\" name=\"wpforms[fields][7]\" value=\"Erkek \"  ><label class=\"wpforms-field-label-inline\" for=\"wpforms-691-field_7_1\">Erkek <\/label><\/li><li class=\"choice-2 depth-1\"><input type=\"radio\" id=\"wpforms-691-field_7_2\" name=\"wpforms[fields][7]\" value=\"Kad\u0131n\"  ><label class=\"wpforms-field-label-inline\" for=\"wpforms-691-field_7_2\">Kad\u0131n<\/label><\/li><\/ul><\/div><div id=\"wpforms-691-field_9-container\" class=\"wpforms-field wpforms-field-number\" data-field-id=\"9\"><label class=\"wpforms-field-label\" for=\"wpforms-691-field_9\">Telefon Numaran\u0131z : <span class=\"wpforms-required-label\">*<\/span><\/label><input type=\"number\" pattern=\"\\d*\" id=\"wpforms-691-field_9\" class=\"wpforms-field-medium wpforms-field-required\" name=\"wpforms[fields][9]\" required><div class=\"wpforms-field-description\">\u00d6RN: 05352633799<\/div><\/div><div id=\"wpforms-691-field_10-container\" class=\"wpforms-field wpforms-field-email\" data-field-id=\"10\"><label class=\"wpforms-field-label\" for=\"wpforms-691-field_10\">Email Adresiniz :  <span class=\"wpforms-required-label\">*<\/span><\/label><input type=\"email\" id=\"wpforms-691-field_10\" class=\"wpforms-field-medium wpforms-field-required\" name=\"wpforms[fields][10]\" required><\/div><div id=\"wpforms-691-field_8-container\" class=\"wpforms-field wpforms-field-textarea\" data-field-id=\"8\"><label class=\"wpforms-field-label\" for=\"wpforms-691-field_8\">\u0130kamet Adresiniz :  <span class=\"wpforms-required-label\">*<\/span><\/label><textarea id=\"wpforms-691-field_8\" class=\"wpforms-field-medium wpforms-field-required\" name=\"wpforms[fields][8]\" required><\/textarea><\/div><div id=\"wpforms-691-field_11-container\" class=\"wpforms-field wpforms-field-text\" data-field-id=\"11\"><label class=\"wpforms-field-label\" for=\"wpforms-691-field_11\">Mezun Oldu\u011funuz Okulunuz ve B\u00f6l\u00fcm\u00fcn\u00fcz :  <span class=\"wpforms-required-label\">*<\/span><\/label><input type=\"text\" id=\"wpforms-691-field_11\" class=\"wpforms-field-medium wpforms-field-required\" name=\"wpforms[fields][11]\" required><div class=\"wpforms-field-description\">\u00d6RN:  AKDEN\u0130Z \u00dcN\u0130VERS\u0130TES\u0130 - TOPRAK B\u0130L\u0130M\u0130 VE B\u0130TK\u0130 BESLEME<\/div><\/div><div id=\"wpforms-691-field_13-container\" class=\"wpforms-field wpforms-field-checkbox\" data-field-id=\"13\"><label class=\"wpforms-field-label\" for=\"wpforms-691-field_13\">Bildi\u011finiz Yabanc\u0131 Diller<\/label><ul id=\"wpforms-691-field_13\"><li class=\"choice-1 depth-1\"><input type=\"checkbox\" id=\"wpforms-691-field_13_1\" name=\"wpforms[fields][13][]\" value=\"Bilmiyorum\"  ><label class=\"wpforms-field-label-inline\" for=\"wpforms-691-field_13_1\">Bilmiyorum<\/label><\/li><li class=\"choice-2 depth-1\"><input type=\"checkbox\" id=\"wpforms-691-field_13_2\" name=\"wpforms[fields][13][]\" value=\"\u0130ngilizce\"  ><label class=\"wpforms-field-label-inline\" for=\"wpforms-691-field_13_2\">\u0130ngilizce<\/label><\/li><li class=\"choice-3 depth-1\"><input type=\"checkbox\" id=\"wpforms-691-field_13_3\" name=\"wpforms[fields][13][]\" value=\"Almanca\"  ><label class=\"wpforms-field-label-inline\" for=\"wpforms-691-field_13_3\">Almanca<\/label><\/li><li class=\"choice-4 depth-1\"><input type=\"checkbox\" id=\"wpforms-691-field_13_4\" name=\"wpforms[fields][13][]\" value=\"Rus\u00e7a\"  ><label class=\"wpforms-field-label-inline\" for=\"wpforms-691-field_13_4\">Rus\u00e7a<\/label><\/li><li class=\"choice-5 depth-1\"><input type=\"checkbox\" id=\"wpforms-691-field_13_5\" name=\"wpforms[fields][13][]\" value=\"Arap\u00e7a\"  ><label class=\"wpforms-field-label-inline\" for=\"wpforms-691-field_13_5\">Arap\u00e7a<\/label><\/li><\/ul><div class=\"wpforms-field-description\">Birden Fazla Se\u00e7ebilirsiniz.<\/div><\/div><div id=\"wpforms-691-field_14-container\" class=\"wpforms-field wpforms-field-text\" data-field-id=\"14\"><label class=\"wpforms-field-label\" for=\"wpforms-691-field_14\">S\u00fcr\u00fcc\u00fc Belgeniz var m\u0131?  Varsa S\u0131n\u0131f\u0131n\u0131 Yaz\u0131n\u0131z. <span class=\"wpforms-required-label\">*<\/span><\/label><input type=\"text\" id=\"wpforms-691-field_14\" class=\"wpforms-field-medium wpforms-field-required\" name=\"wpforms[fields][14]\" required><\/div><div id=\"wpforms-691-field_15-container\" class=\"wpforms-field wpforms-field-textarea\" data-field-id=\"15\"><label class=\"wpforms-field-label\" for=\"wpforms-691-field_15\">\u0130\u015f Deneyimleriniz:  <span class=\"wpforms-required-label\">*<\/span><\/label><textarea id=\"wpforms-691-field_15\" class=\"wpforms-field-medium wpforms-field-required\" name=\"wpforms[fields][15]\" required><\/textarea><\/div><div id=\"wpforms-691-field_17-container\" class=\"wpforms-field wpforms-field-textarea\" data-field-id=\"17\"><label class=\"wpforms-field-label\" for=\"wpforms-691-field_17\">Referanslar\u0131n\u0131z : <\/label><textarea id=\"wpforms-691-field_17\" class=\"wpforms-field-medium\" name=\"wpforms[fields][17]\" ><\/textarea><div class=\"wpforms-field-description\">Yazacak oldu\u011funuz referanslar\u0131n\u0131z\u0131n (isim-soyisim , \u015firketi , pozisyonu, telefon numaras\u0131 ) bilgilerini yazmay\u0131 unumay\u0131n.<\/div><\/div><\/div><div class=\"wpforms-submit-container\"><input type=\"hidden\" name=\"wpforms[id]\" value=\"691\"><input type=\"hidden\" name=\"wpforms[author]\" value=\"1\"><button type=\"submit\" name=\"wpforms[submit]\" id=\"wpforms-submit-691\" class=\"wpforms-submit\" data-alt-text=\"Sending...\" data-submit-text=\"Submit\" aria-live=\"assertive\" value=\"wpforms-submit\">Submit<\/button><img src=\"https:\/\/www.growia.com.tr\/wp-content\/plugins\/wpforms-lite\/assets\/images\/submit-spin.svg\" class=\"wpforms-submit-spinner\" style=\"display: none;\" width=\"26\" height=\"26\" alt=\"Y\u00fckleniyor\"><\/div><\/form><\/div>  <!-- .wpforms-container -->\n","protected":false},"excerpt":{"rendered":"<p>\u00d6zge\u00e7mi\u015finizi &#8221; info@growia.com.tr &#8221; e-mail adresine g\u00f6nderebilirsiniz. Ya da A\u015fa\u011f\u0131daki Formu Doldurup G\u00f6nderebilirsiniz.<\/p>\n","protected":false},"author":1,"featured_media":0,"parent":0,"menu_order":0,"comment_status":"closed","ping_status":"closed","template":"","meta":[],"_links":{"self":[{"href":"https:\/\/www.growia.com.tr\/index.php\/wp-json\/wp\/v2\/pages\/696"}],"collection":[{"href":"https:\/\/www.growia.com.tr\/index.php\/wp-json\/wp\/v2\/pages"}],"about":[{"href":"https:\/\/www.growia.com.tr\/index.php\/wp-json\/wp\/v2\/types\/page"}],"author":[{"embeddable":true,"href":"https:\/\/www.growia.com.tr\/index.php\/wp-json\/wp\/v2\/users\/1"}],"replies":[{"embeddable":true,"href":"https:\/\/www.growia.com.tr\/index.php\/wp-json\/wp\/v2\/comments?post=696"}],"version-history":[{"count":3,"href":"https:\/\/www.growia.com.tr\/index.php\/wp-json\/wp\/v2\/pages\/696\/revisions"}],"predecessor-version":[{"id":707,"href":"https:\/\/www.growia.com.tr\/index.php\/wp-json\/wp\/v2\/pages\/696\/revisions\/707"}],"wp:attachment":[{"href":"https:\/\/www.growia.com.tr\/index.php\/wp-json\/wp\/v2\/media?parent=696"}],"curies":[{"name":"wp","href":"https:\/\/api.w.org\/{rel}","templated":true}]}}