{"id":37,"date":"2022-06-03T14:13:53","date_gmt":"2020-06-03T11:13:53","guid":{"rendered":"https:\/\/safirdemo.com\/atolye\/ekibimiz\/"},"modified":"2023-03-02T20:16:55","modified_gmt":"2023-03-02T17:16:55","slug":"ekibimiz","status":"publish","type":"page","link":"https:\/\/www.growia.com.tr\/index.php\/ekibimiz\/","title":{"rendered":"Distrib\u00fct\u00f6rlerimiz"},"content":{"rendered":"\n\t\t<style>\n\t\t\t#gallery-1 {\n\t\t\t\tmargin: auto;\n\t\t\t}\n\t\t\t#gallery-1 .gallery-item {\n\t\t\t\tfloat: left;\n\t\t\t\tmargin-top: 10px;\n\t\t\t\ttext-align: center;\n\t\t\t\twidth: 33%;\n\t\t\t}\n\t\t\t#gallery-1 img {\n\t\t\t\tborder: 2px solid #cfcfcf;\n\t\t\t}\n\t\t\t#gallery-1 .gallery-caption {\n\t\t\t\tmargin-left: 0;\n\t\t\t}\n\t\t\t\/* see gallery_shortcode() in wp-includes\/media.php *\/\n\t\t<\/style>\n\t\t<div id='gallery-1' class='gallery galleryid-37 gallery-columns-3 gallery-size-thumbnail'><dl class='gallery-item'>\n\t\t\t<dt class='gallery-icon landscape'>\n\t\t\t\t<a href='https:\/\/www.growia.com.tr\/trv\/'><img width=\"150\" height=\"150\" src=\"https:\/\/www.growia.com.tr\/wp-content\/uploads\/2023\/03\/TRV-150x150.png\" class=\"attachment-thumbnail size-thumbnail\" alt=\"\" decoding=\"async\" loading=\"lazy\" aria-describedby=\"gallery-1-683\" srcset=\"https:\/\/www.growia.com.tr\/wp-content\/uploads\/2023\/03\/TRV-150x150.png 150w, https:\/\/www.growia.com.tr\/wp-content\/uploads\/2023\/03\/TRV-300x300.png 300w, https:\/\/www.growia.com.tr\/wp-content\/uploads\/2023\/03\/TRV-1024x1024.png 1024w, https:\/\/www.growia.com.tr\/wp-content\/uploads\/2023\/03\/TRV-768x768.png 768w, https:\/\/www.growia.com.tr\/wp-content\/uploads\/2023\/03\/TRV.png 1080w\" sizes=\"(max-width: 150px) 100vw, 150px\" \/><\/a>\n\t\t\t<\/dt>\n\t\t\t\t<dd class='wp-caption-text gallery-caption' id='gallery-1-683'>\n\t\t\t\tKUMLUCA B\u00d6LGE D\u0130STR\u0130B\u00dcT\u00d6R\u00dc\n\t\t\t\t<\/dd><\/dl><dl class='gallery-item'>\n\t\t\t<dt class='gallery-icon landscape'>\n\t\t\t\t<a href='https:\/\/www.growia.com.tr\/dny\/'><img width=\"150\" height=\"150\" src=\"https:\/\/www.growia.com.tr\/wp-content\/uploads\/2023\/03\/dny-150x150.png\" class=\"attachment-thumbnail size-thumbnail\" alt=\"\" decoding=\"async\" loading=\"lazy\" aria-describedby=\"gallery-1-685\" srcset=\"https:\/\/www.growia.com.tr\/wp-content\/uploads\/2023\/03\/dny-150x150.png 150w, https:\/\/www.growia.com.tr\/wp-content\/uploads\/2023\/03\/dny-300x300.png 300w, https:\/\/www.growia.com.tr\/wp-content\/uploads\/2023\/03\/dny-1024x1024.png 1024w, https:\/\/www.growia.com.tr\/wp-content\/uploads\/2023\/03\/dny-768x768.png 768w, https:\/\/www.growia.com.tr\/wp-content\/uploads\/2023\/03\/dny.png 1080w\" sizes=\"(max-width: 150px) 100vw, 150px\" \/><\/a>\n\t\t\t<\/dt>\n\t\t\t\t<dd class='wp-caption-text gallery-caption' id='gallery-1-685'>\n\t\t\t\t\u0130\u00c7 ANADOLU B\u00d6LGE D\u0130STR\u0130B\u00dcT\u00d6R\u00dc\n\t\t\t\t<\/dd><\/dl><dl class='gallery-item'>\n\t\t\t<dt class='gallery-icon landscape'>\n\t\t\t\t<a href='https:\/\/www.growia.com.tr\/atgr\/'><img width=\"150\" height=\"150\" src=\"https:\/\/www.growia.com.tr\/wp-content\/uploads\/2023\/03\/atgr-150x150.png\" class=\"attachment-thumbnail size-thumbnail\" alt=\"\" decoding=\"async\" loading=\"lazy\" aria-describedby=\"gallery-1-687\" srcset=\"https:\/\/www.growia.com.tr\/wp-content\/uploads\/2023\/03\/atgr-150x150.png 150w, https:\/\/www.growia.com.tr\/wp-content\/uploads\/2023\/03\/atgr-300x300.png 300w, https:\/\/www.growia.com.tr\/wp-content\/uploads\/2023\/03\/atgr-1024x1024.png 1024w, https:\/\/www.growia.com.tr\/wp-content\/uploads\/2023\/03\/atgr-768x768.png 768w, https:\/\/www.growia.com.tr\/wp-content\/uploads\/2023\/03\/atgr.png 1080w\" sizes=\"(max-width: 150px) 100vw, 150px\" \/><\/a>\n\t\t\t<\/dt>\n\t\t\t\t<dd class='wp-caption-text gallery-caption' id='gallery-1-687'>\n\t\t\t\tMERS\u0130N B\u00d6LGE D\u0130STR\u0130B\u00dcT\u00d6R\u00dc\n\t\t\t\t<\/dd><\/dl><br style=\"clear: both\" \/>\n\t\t<\/div>\n\n","protected":false},"excerpt":{"rendered":"","protected":false},"author":1,"featured_media":0,"parent":0,"menu_order":0,"comment_status":"closed","ping_status":"closed","template":"pages\/page-crew.php","meta":[],"_links":{"self":[{"href":"https:\/\/www.growia.com.tr\/index.php\/wp-json\/wp\/v2\/pages\/37"}],"collection":[{"href":"https:\/\/www.growia.com.tr\/index.php\/wp-json\/wp\/v2\/pages"}],"about":[{"href":"https:\/\/www.growia.com.tr\/index.php\/wp-json\/wp\/v2\/types\/page"}],"author":[{"embeddable":true,"href":"https:\/\/www.growia.com.tr\/index.php\/wp-json\/wp\/v2\/users\/1"}],"replies":[{"embeddable":true,"href":"https:\/\/www.growia.com.tr\/index.php\/wp-json\/wp\/v2\/comments?post=37"}],"version-history":[{"count":27,"href":"https:\/\/www.growia.com.tr\/index.php\/wp-json\/wp\/v2\/pages\/37\/revisions"}],"predecessor-version":[{"id":688,"href":"https:\/\/www.growia.com.tr\/index.php\/wp-json\/wp\/v2\/pages\/37\/revisions\/688"}],"wp:attachment":[{"href":"https:\/\/www.growia.com.tr\/index.php\/wp-json\/wp\/v2\/media?parent=37"}],"curies":[{"name":"wp","href":"https:\/\/api.w.org\/{rel}","templated":true}]}}